tors of l(j)?
3, 23
Suppose -4*k = g - 6650, -5*g + 33155 = 21*k - 20*k. What are the prime factors of g?
2, 3, 5, 13, 17
List the prime factors of (3627515/(-1660))/((-1)/(-2)*(-1)/2).
8741
Let c(y) be the third derivative of -33*y**2 + 1/30*y**5 - 5*y**3 + 1/24*y**4 + 0*y + 0. List the prime factors of c(5).
5
Suppose -3*j + 1965 = 3*y, j + 4 = 2*j. Suppose 32*v - y = 29*v. Suppose v = 5*b - 248. What are the prime factors of b?
3, 31
Let s = 1421 + -1417. Let m = 415 - -133. What are the prime factors of (2/2)/(s/m)?
137
Let b(g) = 10*g + 10 + 11*g - 2*g + 26*g. Let u be b(-2). What are the prime factors of 24*5/(u/(-28))?
2, 3, 7
Suppose -3*s = 4*x - 107, -3*s + 3*x - x = -95. Suppose 0 = 4*o + 19 + s. Let q = 32 - o. List the prime factors of q.
3, 5
Let i = -39 + 41. Suppose 2 + 10 = 3*z - 5*w, 0 = -i*z - w - 5. List the prime factors of 2/(1 - z)*67.
67
Let g = -141 + 146. Suppose -g*a = 3*p - 0*a - 1573, a = -p + 523. What are the prime factors of p?
521
Let t(f) = 8726*f**2 - 41*f + 4. What are the prime factors of t(-1)?
7, 179
Let t(o) = 570*o - 1237. What are the prime factors of t(7)?
2753
Suppose -5*n + 18528 = 4*l, 5*n - 7707 = l + 10836. List the prime factors of n.
2, 3, 103
Suppose 109561*v = 109549*v + 300312. What are the prime factors of v?
2, 3, 43, 97
Let h = -740 - -2874. List the prime factors of h.
2, 11, 97
Let c = -3128 - -4650. List the prime factors of c.
2, 761
Let s = -3146 + 3658. What are the prime factors of s?
2
Suppose 14*t = 8*t + 4410. Suppose d = -2*p + t, 4*p = -3*d - 2*d + 1485. What are the prime factors of p?
5, 73
List the prime factors of -4 + (5520/75)/16 - 148627/(-5).
2, 89, 167
List the prime factors of 25/30*-3*41694/(-15).
6949
Suppose -4*g = -2*y, 2*g = -4*y - 20 + 70. Suppose 25665 = y*k - 5695. Suppose 0 = i - 15*i + k. List the prime factors of i.
2, 7
Let c(i) = -23*i - 36. Let t be c(-9). Suppose -109 = -s - q + 66, -s + t = -3*q. Let w = -22 + s. List the prime factors of w.
2, 19
Suppose -30*j + 360883 = -346001 - 346356. List the prime factors of j.
2, 67, 131
List the prime factors of 30/(-55) + 12/(-126) + 21169266/1386.
3, 1697
Let t be (381/90 + (-2)/(-12))*30. Suppose t = -0*p - 2*p. List the prime factors of (0 - p)/((-4)/(-6)).
3, 11
Suppose 15*w + 1432 = 3742. Let u = 272 + w. List the prime factors of u.
2, 3, 71
Suppose -4893 = -10*n + 1237. Let v = n - 419. What are the prime factors of v?
2, 97
What are the prime factors of (-54)/(-9)*(-254239)/(-57)?
2, 13381
Let f = 13 + -13. Suppose -3*m + 195 = -f*m. Let o = m - 38. List the prime factors of o.
3
Suppose 362*f = 369*f - 88970. List the prime factors of f.
2, 5, 31, 41
Let v(y) = 2*y**2 - 4*y + 2. Let b be v(2). Let x(l) = l**2 + 14*l + 35. Let o be x(-11). What are the prime factors of (b/(-4))/(o*(-6)/1368)?
3, 19
Let k = 751 - 763. List the prime factors of (k/(-36) - 7)/((-2)/438).
2, 5, 73
Let o(j) = -584*j + 1264. List the prime factors of o(-12).
2, 11, 47
Let z(k) = 33*k + 83. Let h be z(-35). List the prime factors of (15/(-10))/(12/h).
2, 67
Suppose -n = -a - 7009, 0 = -4*n + 43*a - 42*a + 28033. List the prime factors of n.
2, 3, 73
Let j = 61 - 57. List the prime factors of j/(-30) + (-113420)/(-150).
2, 3, 7
Suppose 3*q - 22293 = 65*o - 62*o, 29696 = 4*q + 3*o. List the prime factors of q.
7, 1061
Suppose -161*v - 28 = -168*v. Suppose -1162 = -m + g, -7*g + 8*g + 4663 = v*m. List the prime factors of m.
3, 389
List the prime factors of ((-14)/(-28))/(((-9)/12)/(20535/(-10))).
37
Suppose 16*u + 173381 = -22651. List the prime factors of (-2 - 0)/(8 - u/(-1530)).
3, 5, 17
Suppose 7*v + 414 - 596 = 0. Suppose 4*c - 30*f - 4484 = -v*f, 4*c - f - 4484 = 0. What are the prime factors of c?
19, 59
Let i = -67 - -131. Suppose -65*l = -i*l. Suppose l = 12*o - 340 - 188. What are the prime factors of o?
2, 11
Suppose -5*i + 35*s - 31*s = -1633, 3*s - 9 = 0. What are the prime factors of i?
7, 47
Let s(l) = -6*l**3 + 28*l**2 - 43*l + 42. What are the prime factors of s(-15)?
3, 7, 1297
Let g(s) = 3*s**2 - 374 + 29*s + 191 + 223. What are the prime factors of g(-15)?
2, 5, 7
Let c(m) = m**3 + 8*m**2 + 59*m - 68. List the prime factors of c(23).
2, 3, 11, 67
Suppose 0 = -10*x + 14*x - 4*l - 4980, 5*x - 6219 = 4*l. List the prime factors of x.
3, 7, 59
Let n(t) = -5724*t - 3715. What are the prime factors of n(-3)?
13457
List the prime factors of (-8)/(-36) + (-3465721)/(-441).
29, 271
Let q(w) = -124*w**2 - 24*w + 36. Let o(y) = -122*y**2 - 25*y + 37. Let j(h) = 3*o(h) - 4*q(h). What are the prime factors of j(2)?
23
Suppose 4*g = -w + 10469, -2*g = 4*w - 1498 - 3754. List the prime factors of g.
2, 3, 109
Suppose -18*x + 88*x + 1341452 = 3743082. What are the prime factors of x?
11, 3119
Let m = 16108 + -3709. Suppose -3381 = -15*u + m. What are the prime factors of u?
2, 263
Let o(l) = l**2 - l. Let w be o(-1). Let f be w/(-8) + (-689)/(-52). Let p = 65 - f. What are the prime factors of p?
2, 13
What are the prime factors of (-19 + (-9559)/22)*(0 + -14)?
7, 907
Suppose -2*k + 0 + 6 = 0. Let p = 1146 + -1142. Suppose -p*s + 90 = q - 0*q, 5*s = k*q - 236. What are the prime factors of q?
2, 41
Let i = -180 + 183. Let c(r) = 42*r**2 + 3*r + 1. What are the prime factors of c(i)?
2, 97
Let r(y) = -y**3 + 9*y**2 - 12*y - 4. Let c be r(2). Suppose c = 25*h - 28328 - 3072. List the prime factors of h.
2, 157
Let f(k) = 75*k - 1691. What are the prime factors of f(93)?
2, 1321
Let y = -248 - -452. Suppose 0 = -f - 5*u + u - 123, -5*f + 5*u = 740. Let l = f + y. What are the prime factors of l?
61
Suppose 5*k = 14*k + 5094. Let q = 1058 + k. List the prime factors of q.
2, 3, 41
Let z = -32 + 33. Let v be z*(2 - 2)/(-3) - -1. What are the prime factors of -7 - -5 - v*(-6 - -1)?
3
What are the prime factors of (-6 + 338/65)*-93490*2/4?
2, 9349
Let j(y) = -y**3 + 7*y**2 - 8*y + 8. Suppose 5*h - 3*i = 10, 3*i - 31 = -4*h + 4. List the prime factors of j(h).
2, 3
Let g = -404 - -6374. List the prime factors of g.
2, 3, 5, 199
Let l be -10 - 594 - 4/(-1). Let y = l - -379. Let d = -84 - y. What are the prime factors of d?
137
Let o = 23 + -17. Let x(h) = 183*h + 98. List the prime factors of x(o).
2, 13, 23
Suppose 0 = -2*p - 5*h + 120434, -4*h + 68426 = p + 8203. List the prime factors of p.
3, 7, 47, 61
Suppose 0 = x + 3, 12*d - x = 11*d + 7. What are the prime factors of d*(-12)/80 - 2763/(-5)?
2, 3, 23
Let u = 21801 + -12456. List the prime factors of u.
3, 5, 7, 89
Suppose 10 - 2 = w. Suppose 0 = 3*z - w*z. Suppose 4*r = -z*r - 20, -5*r = -2*b + 115. List the prime factors of b.
3, 5
Let j = -2149 + 36588. List the prime factors of j.
34439
Suppose 2*v + 0 = -5*i + 42, -2*v - 8 = 0. Suppose -i*w + 800 = -2*w. List the prime factors of w.
2, 5
Let i be (48/9 - 6)/(4/(-786)). Let o = 313 - i. List the prime factors of o.
2, 7, 13
What are the prime factors of 18341468/2820 + -1*(-2)/(-30)?
2, 3, 271
What are the prime factors of 9055 + (4 - (4 + -9 - -8))?
2, 283
Suppose 0*x - 633 = -x. Let t = x + 471. What are the prime factors of t?
2, 3, 23
Let y = -10671 + 15983. List the prime factors of y.
2, 83
Let j be 43162/13 + ((-60)/(-78))/(-5). Suppose j = 7*r - 5325. What are the prime factors of r?
5, 13, 19
Suppose -3729*d = -3844*d + 5461350. List the prime factors of d.
2, 3, 5, 1583
Suppose 5*c - 82 = -3*o, -3*c + c - o = -33. Suppose -c*t - 954 = -18*t. Suppose -404 - 72 = -2*i - 3*s, -4*i - 5*s = -t. List the prime factors of i.
241
Let a(h) = 13*h**2 + 3*h + 131. Let z be ((-4 - 1) + 1)*330/(-132). What are the prime factors of a(z)?
3, 487
Let l(g) = g**3 - 6*g**2 + 7*g - 25. Let w be l(7). Suppose -76*u + 15 = -w*u. List the prime factors of u.
5
Suppose -3*t + 6 = 3*m + 30, t + 5*m = -16. Let w(a) = -a**2 - 4. Let y be w(t). Let b = y - -144. What are the prime factors of b?
2, 13
Suppose -4*o = -3*v - 22 - 3, -3 = v. Suppose -q - 4*m + 1488 - 177 = 0, -o*q + 5139 = -5*m. What are the prime factors of q?
1291
Suppose -5*k = 2*m - 101 - 422, -2*k + 226 = 5*m. Suppose x + 9 = -x + 3*o, -4*o = x - 1. Let y = k + x. What are the prime factors of y?
2, 5
Let b(g) = 976*g - 86. What are the prime factors of b(8)?
2, 3, 11, 13
Let t(m) = 6*m**2 + 2*m + 19. Let k(z) = -5*z**2 - z - 20. Let i(o) = 3*k(o) + 4*t(o). What ar